*m - 4*m**2 + 4 + 1 + 5*m**2 - m. What is i(5)?
10
Let h(l) be the first derivative of -l**4 + l + 15. Determine h(1).
-3
Suppose -3*l + 11 = -3*t + 7*t, -t + 5 = 3*l. Let k be t/(2*(-3 - -4)). Let p(i) = -6*i - 1. Determine p(k).
-7
Let p(j) = -j**3 + 3*j**2 - 3*j + 3. Suppose 2*f = -0*f, 3*y - 4*f = 18. Let o be 81/36 - y/(-8). What is p(o)?
-6
Let l(v) = -v**3 + v**2 - v + 1. Suppose -5*c = i + 2, 3*c + 3*i - 10 = 4*c. Let q(m) = 7*m**2 - 2*m + 2. Let d(t) = c*l(t) + q(t). What is d(-6)?
7
Let l be 4/18 + ((-22)/9)/2. Let i(r) = 8*r**2 - 1. What is i(l)?
7
Let r(l) = -5*l**3 + 2*l**2 + 2*l + 1. Let c = 92 + -88. Let p = 5 - 1. Suppose 0*s = -p*s - c. Give r(s).
6
Let g be (-2)/(-6) + (-30)/9. Let i(h) = 2*h**2 + 5*h + 3. Determine i(g).
6
Let l(v) = -4*v**2 + v + 4*v + 2*v**3 - 2*v. What is l(2)?
6
Let k(z) = z**2 + 4*z + 1. Let b(l) = l**2 + 3*l + 1. Let h(j) = 3*b(j) - 2*k(j). Let u be h(2). Suppose m = u - 4. Let f(g) = g**2 - 3*g + 1. Determine f(m).
1
Let y = 1 - -3. Let z(h) = -h**3 + 7*h**2 - 4*h - 2. Let s(k) = k**2 - k. Let w(j) = -3*s(j) + z(j). Give w(y).
-6
Let w(b) = b**3 + 6*b**2 + 7*b + 3. Suppose -7*g - 31 - 4 = 0. Calculate w(g).
-7
Let g(m) = -m**2 + 2*m + 2. Let q be g(4). Let o(k) = k**2 + 2*k - 8. Calculate o(q).
16
Let x(p) = -p + 5. Let t(d) = 2*d - 16. Let k(r) = -5*t(r) - 14*x(r). What is k(-8)?
-22
Let z = -3 + 3. Let t be (0 + (-4 - -1))*-1. Let s = t + z. Let y(f) = -2*f. What is y(s)?
-6
Let v(k) = -k - 1. Let z(w) = w**2 + 3*w + 8. Let l(x) = 6*v(x) + z(x). Determine l(2).
0
Let w(a) = -2*a**2 + 2*a + 2. Let k be w(2). Let r(g) = -g**2 + 4*g + 3. Determine r(k).
-9
Suppose u = -2*q + 12 + 1, 11 = u + q. Let m(y) = y**3 - 8*y**2 - 9*y. Determine m(u).
0
Let z(a) = a**2 + 3*a - 1. Let m be ((-8)/(-60)*6)/(10/(-75)). Give z(m).
17
Let f(u) = 3 + u - 3 + 1. Suppose -5*v = 5*a - 20, 4*v = a + v - 4. Let j(l) = -l**3 - 3*l**2 + 6*l + 7. Let g(d) = a*f(d) - j(d). Give g(-3).
3
Let v(z) = 9*z - 1. Let b = 11 + -12. Determine v(b).
-10
Suppose 0 = 2*r + 4 - 0. Let j be (-12)/5 - r/5. Let w(y) = -3*y**2 - 2. Determine w(j).
-14
Let r(y) = -y**3 + 4*y**2 + 7*y - 5. Let l(a) = 2 - 4 - 5 + 2*a - 4. Let u be l(8). Determine r(u).
5
Let q(l) = -l**3 - 5*l**2 + l + 3. Let w = 58 - 63. What is q(w)?
-2
Let g = 71 - 76. Let n(h) = h**2 + 7*h + 5. Calculate n(g).
-5
Let x be ((-26)/(-7) - (-18)/63) + 1. Let j(d) = -d - 4. Let w be j(-6). Let f(a) = -2*a + 0*a**w + a**2 - 5*a + 6. Determine f(x).
-4
Let h be ((-12)/24)/(2/(-4)). Let j(w) = -3*w**2 - 10*w**3 + h - 2*w + 0 + 9*w**3. What is j(-3)?
7
Let k(g) = g**3 - 9*g**2 + 9*g - 15. Let t be k(8). Let m(s) = s**2 + 7*s - 3. Give m(t).
-3
Let l(m) = -m**3 + m**2 + m - 4. Let n(o) = -5*o**3 + 5*o**2 + 4*o - 21. Let z(g) = 11*l(g) - 2*n(g). Determine z(3).
-11
Let n = 9 + -8. Suppose 3*s + 15 = 3*p, -8 = -3*s - 3*p + n. Let m(g) = -9*g + 1. Calculate m(s).
10
Let w be (-1)/(-2*2/(-12)). Suppose -i + 0*v = -v + 7, -4*v = -4. Let k be w/i - (-18)/4. Let c(x) = -2*x + 6. What is c(k)?
-4
Let z(a) be the third derivative of -1/60*a**5 + 1/6*a**3 + 0 + 0*a - 1/24*a**4 + a**2. Calculate z(0).
1
Let s(w) be the first derivative of -w**2/2 + 4*w - 1. Let n = 13 - 11. Suppose 0 = -n*p - 2*p - 5*y - 13, 0 = -2*p + 5*y + 31. What is s(p)?
1
Let w(m) = 5*m**2 + 4*m - 4. Let i(o) = 6*o**2 + 5*o - 5. Let g = -8 + 14. Let c(t) = g*i(t) - 7*w(t). Determine c(-3).
1
Suppose 5*m + 7 - 2 = 0. Let y(b) be the second derivative of 1/2*b**2 - b + 0 - 2/3*b**3. Calculate y(m).
5
Let l(c) be the second derivative of c**4/12 + c**3/6 - c**2 + 20*c. Calculate l(-2).
0
Let q(s) be the second derivative of -1/12*s**4 + 1/2*s**3 - 3*s + 0 + 0*s**2. Determine q(3).
0
Let f(q) = q - 3. Let p be f(5). Suppose 1 = -n + p*n. Let a(m) be the second derivative of 2*m**3/3 - m**2/2 + m. Give a(n).
3
Let y(l) = -l**3 - l. Let f = 4 + -1. Suppose p + 2*x + 6 = -f*p, 3*p - 2*x - 13 = 0. Calculate y(p).
-2
Let z be (-2)/((21/(-6))/7). Let i(c) = c**3 - 3*c**2 - c + 2. Calculate i(z).
14
Suppose 21 - 6 = 3*d. Let s(g) = -g**2 - d + 1 + 2. Suppose -11 = 2*m - 6*m - 3*f, 5*m - 5*f = 5. What is s(m)?
-6
Let i(r) = -29*r. Let d(m) = m**3 + 1. Let z be d(0). What is i(z)?
-29
Let l(h) = -5*h - 5. Let g(n) = -n. Let i(b) = -4*g(b) + l(b). Determine i(5).
-10
Let p = -4 - 4. Let j = 13 + p. Let l(d) = -d**3 + 6*d**2 - 2*d - 5. Give l(j).
10
Let g(v) = v**2 + 7. Let k(s) = 2*s**2 + 1. Let i be k(-1). Suppose -j = i*j. What is g(j)?
7
Let z(y) = 1 + 4*y - 2 + 0*y. Let j(u) = -u - 1. Let v(d) = -5*d - 8. Let a(g) = 4*j(g) - v(g). Let n be a(-5). Give z(n).
-5
Let u(t) = -t**2 + 6*t + 3. Let a = -4 - -6. Let k be (-1 - -3)*(-5)/a. Let y be k*(3 - 12/3). Give u(y).
8
Let v(p) = p**3 + p**2 + 8*p. Let d(o) be the third derivative of o**6/60 + o**5/20 + 5*o**4/8 - o**3/6 - 6*o**2. Let h(y) = 4*d(y) - 7*v(y). Calculate h(-4).
-4
Let r = 8 + -3. Let q(i) be the first derivative of 2 - 8*i + 1/2*i**2. Determine q(r).
-3
Let h = -3 + 10. Let g(z) = -h*z + 0 + 4 - 6. Determine g(-2).
12
Let z = -5 + 1. Let w = 9 + -4. Let n(s) = 4*s**2 + 3 - 4*s - w*s**2 + 0*s. Give n(z).
3
Let n(f) = -2*f + 1. Let g = 2 - -16. Let q = g + -17. Determine n(q).
-1
Suppose -5 = -n, 5*g - g - n - 3 = 0. Suppose -4 + g = y. Let j(d) be the first derivative of d**2/2 + 3*d - 3. Determine j(y).
1
Let x be ((-88)/55)/((-6)/15). Suppose -4*c + 26 = 6. Let l(k) = 0*k + 4*k**2 - 4*k - k**3 - c + 2*k. What is l(x)?
-13
Suppose -10*t - 28 = -6*t. Let r(a) = a**2 + 7*a + 2. What is r(t)?
2
Let p(a) = 5*a + 3. Let z(c) = c**3 - 2*c**2 - 2*c + 2. Let g = 11 + -5. Let j = g + -4. Let o be z(j). What is p(o)?
-7
Let v(m) = 1. Let z(f) = -2*f - 4. Let l(c) = -5*v(c) - z(c). Suppose 3 = w - 6. Suppose -d = -5*o + 2*d + 13, -w = -o - d. Give l(o).
9
Let z be 1/(1/6*3)*1. Let j(f) = f**2 - 2. Give j(z).
2
Let n(s) be the third derivative of -1/60*s**5 + 1/8*s**4 + 3*s**2 + 1/6*s**3 + 0*s + 0. Give n(3).
1
Let k(c) = -3*c**3 + 12*c**2 - c + 7. Let y(t) = -49*t**3 + 50*t**3 - 3 - 8*t**2 + 2*t**2. Let q(z) = -2*k(z) - 5*y(z). What is q(-6)?
-11
Let v(p) = p**2 + 4*p**2 - 3*p**2 - 3*p**2 + 8*p - 7. Let b be v(7). Let l(t) = -t**2 - 1. Determine l(b).
-1
Suppose -3*q + 10 = -14. Suppose -3*b = 2*l - 6*l + 10, 4*b = q. Let h(x) be the third derivative of -x**5/60 + x**4/8 - x**3/2 + 2*x**2. Determine h(l).
-7
Let r = -2 - -4. Suppose 12 = -r*b + 6*b. Suppose -s + 4*j - b = 0, -j + 6 = -2*s + 4*j. Let i(t) = t**2 + 2*t - 1. Calculate i(s).
2
Let n(g) be the second derivative of g**5/120 + g**3/6 + 2*g. Let a(v) be the second derivative of n(v). What is a(-1)?
-1
Suppose 0 = -r + 4 - 3. Let f(w) = -7*w**3 - 2*w**2 + w. What is f(r)?
-8
Let i(z) be the first derivative of z**3/3 - 2*z**2 + 1. Let o = 3 - -1. Let k be i(o). Let x(f) = f**2 - 3. What is x(k)?
-3
Let h(t) be the first derivative of 5*t**2/2 + t + 6. Give h(1).
6
Let q be 5 + (-6 - (3 - 5)). Let d = 2 - q. Let y(h) = -4*h - 1. Give y(d).
-5
Suppose -18 = -3*t - 3*c, 0*c + 4*c - 6 = 5*t. Suppose t*x = -16 + 4. Let k(i) = i**3 + 5*i**2 - 5*i + 1. Determine k(x).
-5
Let l(p) = 7*p - 1. Suppose -2*c + 15 - 3 = 0. Let d(q) = q**3 - 6*q**2 + 2*q - 8. Let b be d(c). Suppose w - b = -5. Calculate l(w).
-8
Let g(c) = -c. Suppose 5*o = 10*o - 20. Let f = 11 - 5. Suppose 2*v + 2*k - f*k + o = 0, -v + 2 = 2*k. Determine g(v).
0
Let h(a) = -1 + 2*a**3 - 5*a**2 - 3*a**3 + 0*a**3. Let m = 3 + -8. Let p be (-69)/15 + 2/m. Give h(p).
-1
Let d(g) = g - 3. Let m be d(-3). Let t = 11 + m. Let b(s) = -s + 1. Determine b(t).
-4
Let u(h) be the first derivative of -h**3/3 + 5*h**2/2 - h + 2. Let n be ((-4)/3)/((-4)/(-30)). Let i be 2/5 + (-26)/n. Calculate u(i).
5
Let a be -11 + 12 - (0 + 1). Let d(c) = -c + 10. What is d(a)?
10
Let x(j) be the second derivative of j**6/360 + j**4/2 + 3*j. Let w(f) be the third derivative of x(f). Give w(-2).
-4
Let z(x) = 0 - 4*x**3 + 2*x**2 - 3*x**2 - 1 + x. Let p = -1 + 3. Suppose -7*v + p*v = -5. Determine z(v).
-5
Suppose 0 = 8*r - 6*r - 2. Let y(m) = 22*m**3 + m**2 - m + 1. Calculate y(r).
23
Let v(u) be the first derivative of u**2/2 + 2*u - 9. What is v(2)?
4
Suppose 0 = -z + 3*i - 2, 3*i + 12 = 4*z + i. Let h(d) be the third derivative of -d**6/120 + d**5/15 - d**4/12 - 5*d**2. Determine h(z).
-8
Let 